s 176 a factor of 200288?
True
Is 89 a factor of 49221?
False
Is 9505381 a multiple of 1729?
False
Is 1631016 a multiple of 417?
False
Is 720802 a multiple of 146?
True
Is 186898 a multiple of 412?
False
Does 16 divide 9823?
False
Is 1910650 a multiple of 742?
True
Does 27 divide 2324025?
True
Does 252 divide 1978704?
True
Is 64560 a multiple of 249?
False
Is 6057513 a multiple of 693?
True
Does 17 divide 1003574?
False
Does 2 divide 364074?
True
Is 3467988 a multiple of 163?
True
Is 6 a factor of 363243?
False
Does 71 divide 2045321?
False
Is 42 a factor of 16529839?
False
Is 314882 a multiple of 90?
False
Is 610864 a multiple of 146?
True
Does 12 divide 26610?
False
Is 37 a factor of 13283?
True
Is 64 a factor of 37262?
False
Is 375 a factor of 259125?
True
Is 58 a factor of 623876?
False
Is 71 a factor of 457950?
True
Is 1723432 even?
True
Is 1267161 a multiple of 83?
True
Is 3432 a multiple of 132?
True
Is 35 a factor of 78853?
False
Does 4 divide 1516496?
True
Is 255 a factor of 285549?
False
Is 35 a multiple of 4?
False
Does 14 divide 1842598?
False
Does 905 divide 9924230?
True
Does 13 divide 156585?
True
Does 123 divide 6758604?
True
Is 350094 a multiple of 37?
True
Is 126570 a multiple of 30?
True
Is 811 a factor of 17936076?
True
Is 9 a factor of 3240329?
False
Is 993469 a multiple of 233?
False
Does 32 divide 110944?
True
Is 5380752 a multiple of 624?
True
Is 59 a factor of 1517362?
True
Is 4009354 a multiple of 62?
True
Does 17 divide 158338?
True
Does 10 divide 3807080?
True
Is 42 a factor of 1539132?
True
Is 1954655 a multiple of 34?
False
Is 5 a factor of 10001122?
False
Is 351403 a multiple of 13?
True
Does 411 divide 133457?
False
Is 4929902 a multiple of 295?
False
Is 16913065 a multiple of 17?
False
Does 154 divide 258874?
True
Does 147 divide 26398815?
False
Is 34 a factor of 15536130?
True
Is 6464576 a multiple of 30?
False
Is 598 a factor of 289432?
True
Is 191576 a multiple of 12?
False
Is 101394 a multiple of 108?
False
Is 454439 even?
False
Is 11817445 a multiple of 411?
False
Does 76 divide 91200?
True
Does 9 divide 15903010?
False
Does 53 divide 11713?
True
Is 161145 a multiple of 12?
False
Does 25 divide 1920881?
False
Is 30 a factor of 990171?
False
Is 4141486 a multiple of 104?
False
Is 7 a factor of 600901?
True
Is 14774 a multiple of 83?
True
Is 38 a factor of 906224?
True
Is 224266 even?
True
Is 3026772 a multiple of 1278?
False
Does 51 divide 245514?
True
Is 777389 a multiple of 14?
False
Is 1014 a factor of 216996?
True
Is 66744 a multiple of 54?
True
Is 1770 a factor of 5288760?
True
Is 9 a factor of 22616?
False
Does 317 divide 724979?
True
Does 3 divide 46545?
True
Is 161 a factor of 773807?
False
Is 5 a factor of 1993732?
False
Is 7 a factor of 7219772?
True
Does 131 divide 105455?
True
Does 86 divide 10983633?
False
Does 10 divide 1856330?
True
Is 982 a factor of 1429467?
False
Is 611660 a multiple of 340?
True
Is 15 a factor of 27731?
False
Does 908 divide 1647112?
True
Does 33 divide 38203?
False
Is 31 a factor of 747089?
False
Is 17 a factor of 2863123?
True
Is 515 a factor of 7928885?
False
Is 4 a factor of 620533?
False
Does 144 divide 116286?
False
Is 313 a factor of 1581751?
False
Does 77 divide 2217985?
True
Is 213 a factor of 373568?
False
Is 239760 a multiple of 54?
True
Does 207 divide 507707?
False
Is 38 a factor of 253574?
True
Does 13 divide 28201?
False
Does 35 divide 784140?
True
Does 143 divide 2218126?
False
Does 125 divide 246125?
True
Is 5111526 a multiple of 238?
True
Is 23 a factor of 675694?
True
Is 6 a factor of 30321?
False
Is 116 a factor of 1322176?
False
Does 2 divide 1202121?
False
Is 11 a factor of 1252251?
True
Is 1150 a multiple of 5?
True
Does 38 divide 6431006?
True
Is 1021371 a multiple of 37?
False
Does 1196 divide 1818137?
False
Is 1108 a factor of 3054295?
False
Does 4 divide 251876?
True
Is 43991930 a multiple of 17?
False
Is 64 a factor of 141740?
False
Is 884028 a multiple of 443?
False
Does 7 divide 69208?
False
Is 15 a factor of 2769150?
True
Does 59 divide 178180?
True
Is 650 a factor of 1187256?
False
Does 68 divide 602412?
True
Does 35 divide 291874?
False
Does 25 divide 68990?
False
Does 31 divide 1606619?
False
Does 8 divide 3509896?
True
Does 23 divide 6408210?
False
Is 111 a factor of 68931?
True
Is 2265494 a multiple of 7?
True
Does 34 divide 10772979?
False
Is 98112 a multiple of 16?
True
Does 20 divide 3671260?
True
Is 653 a factor of 10189412?
True
Is 8 a factor of 960631?
False
Is 1842000 a multiple of 80?
True
Is 4232558 a multiple of 10?
False
Is 32 a factor of 662039?
False
Is 12 a factor of 591104?
False
Is 70 a factor of 1924827?
False
Is 93 a factor of 6534924?
True
Is 16506 a multiple of 49?
False
Is 2 a factor of 8179?
False
Is 209768 a multiple of 420?
False
Does 11 divide 1917288?
False
Does 16 divide 361049?
False
Is 168063 a multiple of 21?
True
Does 53 divide 25864?
True
Does 8 divide 27969474?
False
Does 302 divide 10117604?
True
Does 116 divide 1058775?
False
Is 36 a factor of 108532?
False
Is 81 a factor of 67209?
False
Does 87 divide 389673?
True
Is 54 a factor of 74411?
False
Is 10 a factor of 426730?
True
Does 76 divide 4465152?
True
Is 117 a factor of 31122?
True
Is 397488 a multiple of 169?
True
Is 142728 a multiple of 57?
True
Is 11910433 a multiple of 61?
True
Does 1529 divide 2443342?
True
Is 585741 a multiple of 13?
True
Is 317 a factor of 5651793?
True
Is 125 a factor of 1274875?
True
Does 67 divide 3676118?
False
Does 26 divide 1325889?
False
Is 264391 a multiple of 93?
False
Is 13 a factor of 1691066?
True
Is 279 a factor of 4042989?
True
Does 223 divide 377093?
True
Does 68 divide 1774392?
True
Does 11 divide 119229?
True
Is 19 a factor of 104690?
True
Does 6 divide 1162182?
True
Is 133903 a multiple of 4?
False
Does 335 divide 760493?
False
Is 544 a factor of 21155707?
False
Does 10 divide 88391?
False
Is 21 a factor of 148377?
False
Is 12 a factor of 228828?
True
Does 15 divide 310470?
True
Does 366 divide 268258?
False
Is 54 a factor of 2920673?
False
Is 1070851 a multiple of 11?
False
Is 977580 a multiple of 36?
True
Does 10 divide 3599014?
False
Does 165 divide 977?
False
Does 129 divide 12126?
True
Is 217 a factor of 253022?
True
Does 300 divide 3444900?
True
Does 21 divide 4984?
False
Is 15607530 a multiple of 10?
True
Does 185 divide 603066?
False
Does 467 divide 2845431?
True
Is 4062051 a multiple of 333?
False
Is 708017 a multiple of 68?
False
Does 12 divide 5166511?
False
Is 785596 a multiple of 16?
False
Is 156 a factor of 533832?
True
Is 11 a factor of 71925?
False
Does 19 divide 83722?
False
Does 99 divide 210127?
False
Does 106 divide 167708?
False
Is 329346 a multiple of 27?
True
Is 709161 a multiple of 44?
False
Is 144326 a multiple of 338?
True
Is 5251468 a multiple of 15?
False
Is 82 a factor of 724070?
False
Does 220 divide 456280?
True
Is 102 a factor of 12004584?
True
Is 9486374 a multiple of 169?
False
Is 8 a factor of 704936?
True
Is 179417 a multiple of 133?
True
Is 1526921 a multiple of 40?
False
Is 124861 a multiple of 56?
False
Is 1875649 a multiple of 568?
False
Does 7 divide 913428?
False
Does 6 divide 38826?
True
Does 365 divide 657365?
True
Does 234 divide 56628?
True
Is 511 a factor of 5185260?
False
Does 51 divide 15657?
True
Is 1093 a factor of 2868260?
False
Is 59 a factor of 13824?
False
Is 6 a factor of 339488?
False
Is 30932551 a multiple of 13?
True
Is 271 a factor of 1682639?
True
Does 12 divide 246749?
False
Is 670 a factor of 131226?
False
Does 610 divide 104676?
False
Is 19 a factor of 263416?
True
Is 53020 a multiple of 22?
True
Is 5675398 a multiple of 86?
True
Is 2 a factor of 875048?
True
Is 34 a factor of 509001?
False
Is 415 a factor of 9693945?
False
Does 563 divide 3312692?
True
Does 199 divide 7947933?
False
Does 129 divide 329526?
False
Is 154 a factor of 508816?
True
Is 303106 a multiple of 439?
False
Is 16 a factor of 172659?
False
Does 195 divide 869385?
False
Does 4 divide 87324?
True
Is 128833 a multiple of 13?
False
Is 500932 a multiple of 11?
False
Is 386300 a multiple of 10?
True
Is 291870 a multiple of 621?
True
Is 15 a factor of 2221800?
True
Does 151 divide 42134089?
False
Does 447 divide 5735121?
False
Is 157 a factor of 525950?
True
Is 11 a factor of 